n) be the third derivative of -15*n**4/8 + n**3/6 + 21*n**2 - 5. What is u(-1)?
46
Let h(w) = -3*w - w + 3*w - w**2 - 4*w - 4. Let y(a) = a**3 - 9*a**2 + 8*a - 5. Let x be y(8). Let z = 0 + x. Determine h(z).
-4
Let o(f) be the first derivative of -7 + 1/3*f**3 + 2*f**2 - 4*f. Determine o(-5).
1
Let o(n) = -10 + 4*n + 1 - 8 - 7*n + 4*n + n**2. Give o(-5).
3
Let m(d) = 13*d - 1. Suppose 3*w = 2*j - 0*w - 9, -j - 4*w - 1 = 0. Suppose -3*v = 6 - j. What is m(v)?
-14
Let s(r) be the third derivative of -3/40*r**5 + 0 - 4/3*r**3 - 1/24*r**4 + r**2 + 0*r. Let d(f) be the first derivative of s(f). What is d(-1)?
8
Suppose -5*n + 26 = 3*i, 0 = -5*i - 4*n + 2*n + 75. Let o = 11 - i. Let p(a) be the first derivative of -a**2/2 + 4*a - 1. Calculate p(o).
10
Let f(w) = w**2 + 2*w**2 + 1 - w**2 + 4*w - w**3. Suppose 3*k + 20 = -2*k. Let m be (4 - (-3 - -1))/((-8)/k). Calculate f(m).
4
Let v(j) be the first derivative of j**3/3 - 7*j**2/2 + 2*j + 36. What is v(6)?
-4
Suppose -10*v = -13*v + 6. Let w = 1 + v. Let k(p) = -6 - 6*p - p**3 + p - 5*p**2 + 2*p**w - 2. Calculate k(6).
-2
Let b(a) be the third derivative of -a**5/20 + a**4/24 + 57*a**2. What is b(1)?
-2
Let a(k) = 7 + 85*k - 40*k - 42*k. What is a(-4)?
-5
Suppose -22*y - 11 = -23*y. Let o(j) = -j**2 + 10*j + 16. Determine o(y).
5
Let a(n) = -4*n**2 - 36*n - 7. Let r(c) = -c**2 - 9*c - 2. Let i(y) = -2*y**2 - 18*y - 4. Let j(x) = -3*i(x) + 5*r(x). Let o(g) = 2*a(g) + 9*j(g). Give o(-7).
-10
Let b(i) = -4*i**3 - 11*i**2 - 3*i - 1. Let y(n) = -5*n**3 - 12*n**2 - 4*n. Let p(k) = -4*b(k) + 3*y(k). Give p(-8).
4
Let m(r) be the first derivative of -r**5/60 - 5*r**4/12 - 13*r**3/6 + 11*r**2/2 + 1. Let d(k) be the second derivative of m(k). Calculate d(-9).
-4
Let b(p) be the third derivative of p**6/120 - p**4/24 - p**3/6 - 3*p**2. Let d be b(2). Let t(u) = -9 - 3*u + 0*u + 4*u. Give t(d).
-4
Let c(x) be the third derivative of -x**5/60 + x**4/6 + x**3/6 + x**2. Suppose -21*w - 8 = -92. Calculate c(w).
1
Let q(w) be the second derivative of 13/2*w**2 + 1/6*w**3 + 4*w + 0. Suppose -k - 32 = 5*o, 3*o + 2*k = -34 + 12. Give q(o).
7
Let o(m) be the second derivative of m**5/20 - m**4/3 - m**3/6 + 5*m**2/2 - 149*m - 2. Determine o(4).
1
Let s(z) = -z**3 - 4*z**2 + 2*z + 2. Suppose 10*n - 20 = -0*n. Suppose 0*h = -2*h, 0 = n*b - 4*h + 8. Calculate s(b).
-6
Let y(z) = z - 13. Let d(q) = 2*q**3 + 10*q**2 + 3*q + 6. Let p be d(-5). Let h(a) = 3*a - 27. Let b(u) = p*y(u) + 4*h(u). Determine b(-6).
-9
Let b(l) = -5*l**3 - 22*l**2 + 8*l + 19. Let z(c) = 7*c**3 + 29*c**2 - 10*c - 25. Let i(s) = 11*b(s) + 8*z(s). What is i(9)?
0
Let y(d) be the first derivative of -5*d**2/2 - 2*d + 15. Let l(g) = g + 22. Let p be l(-18). Give y(p).
-22
Let l = 88 - 87. Suppose l = k - 4. Let d(w) = -w**2 + 5*w - 3. Calculate d(k).
-3
Suppose y - 5*a = 2*y + 115, 5*a = -4*y - 415. Let w = -102 - y. Let p(g) = g**3 - g**2 - 4*g - 3. Determine p(w).
-7
Let b = 4 + -4. Let o(j) = -3*j**3 + 3*j**2 - j + 5. Let u be 4 - 4 - (-1 + 0). Let g(k) = k**3 - k**2 + k - 1. Let n(l) = u*o(l) + 2*g(l). What is n(b)?
3
Let c = -24 + 18. Suppose -4*z = -3*b + 6, z - 3*z - 2 = -b. Let w(h) = h**b - 9 + h + 2 + 5*h. Give w(c).
-7
Let r(h) = h**2 - 3. Suppose -2*a = -4*a + 88. Let p = 47 - a. Give r(p).
6
Let q(j) = 1 + 543*j - 274*j - 272*j. Give q(4).
-11
Let d(z) = -z**3 - 5*z**2 + 2*z + 7. Suppose 4*q - 12 = -o, -1 - 5 = 3*o - 2*q. Let p = -5 - o. Calculate d(p).
-3
Let v(j) be the first derivative of 11*j**3/3 - j**2 - 2*j - 207. Calculate v(2).
38
Let z(t) be the first derivative of -t**2 - 4*t + 7. Let o(m) = -m. Let u(c) = -4*o(c) + z(c). Suppose -n = -7*g + 2*g - 2, 17 = -4*n - 5*g. What is u(n)?
-10
Let t(f) = -f**2 - 3*f - 2. Let w(z) = -z**3 - 4*z**2 - 2*z + 2. Let k be (-12)/5 - (-6)/15. Let u = k + 0. Let g be w(u). Calculate t(g).
0
Let u(g) = -g. Let a be u(-5). Let h(o) = 6 + 2*o**3 + 2*o**3 + o - 2 - a*o**3 - o**2. What is h(0)?
4
Let v(l) = 143 - 3*l - 130 + 5*l. Suppose 81 = -9*r - 0*r. Give v(r).
-5
Let p(q) be the third derivative of -q**5/30 + 17*q**4/24 - 186*q**2. What is p(7)?
21
Let k(x) = x**3 + 29*x**2 + 78*x - 2. Let l be k(-26). Let g(f) = f + 1. Let i(t) = -1. Let v(q) = g(q) + 3*i(q). What is v(l)?
-4
Let a(f) = 2 + 7*f + 5 + 5*f**2 - 4*f**2. Suppose -41 = 5*j - 4*r, -6*j + 3*j - 2*r = 7. Determine a(j).
-3
Let x be 226/12 + (-8)/(-48). Let p = x - 39. Let m be 3*p/(-24)*-2. Let w(h) = h**2 + 3*h - 3. Give w(m).
7
Let g(i) = 27*i**2 - 4*i + 20. Let o(a) = 3*a - 2*a - 2*a + 1 + 3 + 5*a**2. Let t(y) = -2*g(y) + 11*o(y). What is t(3)?
4
Let s(d) = 1. Let z(n) = 7*n + 6. Let g(y) = -y - 1. Let w(u) = 2*g(u) + z(u). Let k(m) = -4*s(m) + w(m). Give k(-2).
-10
Suppose 0 = -6*l + 2*l + 3*j, 3*j = 5*l. Suppose l = 2*u - 10 + 2. Let d(x) = -x - 1. Let g(s) = 3*s + 12. Let a(k) = -4*d(k) - g(k). Calculate a(u).
-4
Let o(n) = n + 4. Let p(l) = 16*l**2 - 2*l + 2. Let j be p(1). Suppose -5*z = 5*k - 10, -3*z = -4*k + z + j. Determine o(k).
7
Suppose -12 = s - 0*s - 5*m, -4*m = -4*s. Suppose -11 = -s*f - 5. Let v(o) = 1 + 7 - o**f + 3. What is v(0)?
11
Let l be ((-15)/(-10))/(1/2). Suppose -3*j - 2*t = j - 26, -l*t - 1 = -2*j. Let i(h) = -h**3 + 6*h**2 - 4*h - 1. Calculate i(j).
4
Let g(w) = 5*w + 1. Let a be (-154)/(-55)*(-35)/(-2). Let v = 48 - a. Determine g(v).
-4
Suppose 0 = -3*i + 7*i - 4. Let a(q) = -2*q + 2. Let f(c) = c - 1. Let z(o) = i*a(o) + 3*f(o). Give z(-2).
-3
Suppose 2*a + 2 = 0, 3*c - c - 3*a - 1 = 0. Let t(u) = 9*u - 1. Give t(c).
-10
Let t(f) = -2*f**2 - 4*f - 3. Suppose 2*l = 5*s - 148, 4*l + 19 = 3. Let b = s - 30. Give t(b).
-3
Let q(z) be the first derivative of 1/2*z**2 - 8 - 5/3*z**3 + z. Suppose 2*k - 9 = -h, 0*k = 4*h - 2*k + 14. What is q(h)?
-5
Suppose -h = 2*v + 8, 2*v - v - 4*h - 14 = 0. Let l = v - -4. Let j(a) = a**2 + 2 - l + 0 + 1 - a. Determine j(1).
1
Let z = 164 - 166. Let t(j) = -3*j + j**2 + 1 - 1 - 1. Calculate t(z).
9
Let x(u) be the third derivative of 0*u**3 + 0 + 20*u**2 + 0*u - 1/24*u**4. Give x(-7).
7
Let h(y) be the first derivative of 5*y**4/4 + 4*y**3/3 + 5*y**2/2 + 3*y - 11. Let g(k) = -k**3. Let s(a) = -6*g(a) - h(a). Calculate s(5).
-3
Let b(a) = 4 - 2 + 0 + 7*a - 4*a. Suppose -10*z = -14*z - 20. Give b(z).
-13
Let g(m) = m**2 - 11*m + 4. Suppose -3*f - 4*k = -25 - 5, -4*f = 4*k - 40. Calculate g(f).
-6
Let z be 5 - 60/84*28/12. Let r(m) be the first derivative of -z*m**3 - 7 + m - m**2. Give r(1).
-11
Let h(v) = v**3 + 10*v**2 + 8*v - 4. Let b be h(-9). Let t(q) be the second derivative of -5/12*q**4 + 0*q**3 + 1/20*q**5 + 0 - 2*q**2 + 4*q. Determine t(b).
-4
Suppose 6*r + 49 = 7. Let i(p) be the third derivative of p**4/24 + 7*p**3/6 + 2*p**2. What is i(r)?
0
Let j(r) = r**2 + r - 4. Let o = -1127 + 1130. Give j(o).
8
Let w(u) be the second derivative of -1/3*u**3 + 7/2*u**2 - 19*u + 0. Determine w(5).
-3
Let r = 410 - 427. Let x(q) = -q**2 - 18*q - 19. Give x(r).
-2
Let b(t) = -2*t**2 + 7*t - 1. Suppose 3*c + c - 12 = 0. Let u(s) = -s + 8. Let f be u(c). Calculate b(f).
-16
Let f(z) = 1 - 6*z - 4*z + 13*z. Give f(-6).
-17
Let g(f) = -9*f. Let s(b) = 5*b - 11. Let o be s(5). Suppose 2*t + 6 = -3*k, -o = 4*k - 2*t - 6. Give g(k).
18
Let o(k) be the third derivative of k**4/24 + k**3/6 + 86*k**2. Determine o(-7).
-6
Let k(p) = 6*p**2 + p + 2. Suppose -22 = 3*c + z, -4*c + z - 20 = -0*c. Let m(n) = -7*n**2 - n - 3. Let o(b) = c*k(b) - 5*m(b). Calculate o(3).
-9
Let x(v) = -8*v**2 + 1. Suppose h + 3 = 4*w, 5*w + 3*h - 8*h + 15 = 0. Suppose 0 = w*d - 10 + 4. Let n be -9*(d + 84/(-27)). Determine x(n).
-7
Let t(h) = h**3 + 2*h**2 + 3*h - 1. Suppose -4*k = c + 15, 3*k + 7*c = 5*c - 15. What is t(k)?
-19
Let v = 10 + -28. Let d = -8 - v. Let b = d - 8. Let i(q) = q + 2. Calculate i(b).
4
Let y(l) be the third derivative of -l**8/20160 - l**7/5040 + l**6/72 + 11*l**5/60 + 36*l**2. Let u(w) be the third derivative of y(w). Give u(0).
10
Let y(f) = 91*f**2 - 47*f + 16. Let m(x) = 34*x**2 - 16*x + 5. Let v(q) = 8*m(q) - 3*y(q). What is v(10)?
22
Let q(z) = 36 - 62 - z + 22 + 36. What is q(0)?
32
Let j(q) = q**2 - 5*q + 6. Let w be j(6). Let g(i) be the second derivative of i**5/20 - i**4 - i**2 + 151*i + 3. Give g(w).
-2
Let c(k) = -4*k**2 - 24*k + 4. Let p(b) = -3*b**2 - 16*b + 3. Let r(d) 